{"id":4194,"date":"2021-03-02T22:00:58","date_gmt":"2021-03-02T22:00:58","guid":{"rendered":"https:\/\/urbex.direct\/product\/v-edificio\/"},"modified":"2024-02-14T18:37:20","modified_gmt":"2024-02-14T18:37:20","slug":"v-edificio","status":"publish","type":"product","link":"https:\/\/urbex.direct\/pt\/product\/v-edificio\/","title":{"rendered":"V-Edificio \/ Notre-Dame de la D\u00e9solation"},"content":{"rendered":"","protected":false},"excerpt":{"rendered":"<p>Renova\u00e7\u00e3o<\/p>","protected":false},"featured_media":50521,"template":"","meta":[],"product_brand":[],"product_cat":[226,233,1065],"product_tag":[41,44],"class_list":{"0":"post-4194","1":"product","2":"type-product","3":"status-publish","4":"has-post-thumbnail","6":"product_cat-france","7":"product_cat-ile-de-france","8":"product_cat-val-doise-95","9":"product_tag-coordinaten","10":"product_tag-geenurbex","12":"first","13":"outofstock","14":"downloadable","15":"taxable","16":"shipping-taxable","17":"purchasable","18":"product-type-simple"},"jetpack_sharing_enabled":true,"_links":{"self":[{"href":"https:\/\/urbex.direct\/pt\/wp-json\/wp\/v2\/product\/4194","targetHints":{"allow":["GET"]}}],"collection":[{"href":"https:\/\/urbex.direct\/pt\/wp-json\/wp\/v2\/product"}],"about":[{"href":"https:\/\/urbex.direct\/pt\/wp-json\/wp\/v2\/types\/product"}],"wp:featuredmedia":[{"embeddable":true,"href":"https:\/\/urbex.direct\/pt\/wp-json\/wp\/v2\/media\/50521"}],"wp:attachment":[{"href":"https:\/\/urbex.direct\/pt\/wp-json\/wp\/v2\/media?parent=4194"}],"wp:term":[{"taxonomy":"product_brand","embeddable":true,"href":"https:\/\/urbex.direct\/pt\/wp-json\/wp\/v2\/product_brand?post=4194"},{"taxonomy":"product_cat","embeddable":true,"href":"https:\/\/urbex.direct\/pt\/wp-json\/wp\/v2\/product_cat?post=4194"},{"taxonomy":"product_tag","embeddable":true,"href":"https:\/\/urbex.direct\/pt\/wp-json\/wp\/v2\/product_tag?post=4194"}],"curies":[{"name":"wp","href":"https:\/\/api.w.org\/{rel}","templated":true}]}}

V-Edificio / Notre-Dame de la Désolation

<p>Renovação</p>
